 (-5 - 1)?
-5
Evaluate (-8 - -7) + (-5 - -2).
-4
What is the value of (29 + -32 - (-6 - -1)) + 5?
7
(-16 - (19 - 24)) + 5 + 1
-5
Evaluate (0 + -1 - -2) + (-1 - -2).
2
Calculate (6 - -1) + (3 - 9).
1
Evaluate (5 - -1 - -1) + -8 + 2.
1
What is the value of -2 + 5 + (-5 - -2) + 3?
3
-7 - (-8 + (-5 - -10))
-4
Evaluate (-1 - (0 - 11)) + (140 - 147).
3
5 - (10 + -12) - 14
-7
What is -10 - (-1 - -3 - (22 - 14))?
-4
What is the value of 19 - 3 - (2 + 4 - 0)?
10
-2 + 0 - (-23 + 7 + 12)
2
Calculate (2 - -5) + (22 - 35).
-6
Evaluate (2 - 6 - -6 - 3) + -3.
-4
(3 - (2 + -3 + 2)) + 0
2
What is the value of 2 + (-2 - 1) - 4?
-5
Calculate 1 - ((6 - 1) + -16 + 6).
6
What is -6 - (-9 + 12 + 0)?
-9
Evaluate -4 - (9 - 6) - (1 - 1).
-7
What is (1 - -3) + -6 + -1?
-3
Calculate 2 + (-7 - -7) + 0.
2
Calculate 4 + (-4 - 3) + 1.
-2
1 + -3 + (-1 - -4)
1
Evaluate 7 - (1 + -1 - (-8 - -5)).
4
What is 5 - (1 - 3 - -5)?
2
What is 6 + (-6 + (-2 - -6) - 6)?
-2
Evaluate -24 + 30 + -3 + 2.
5
23 + -25 + (7 - 3)
2
What is (8 - 5) + -4 + 3?
2
-1 - 4 - (1 + (9 - 9))
-6
What is the value of 2 + -8 - (10 + -13)?
-3
Calculate 2 - -5 - (7 - 3) - 0.
3
Calculate 2 - (3 - (-3 + 1)).
-3
What is -9 + (5 - -2) + -2 - -8?
4
Evaluate (-1 - -1) + 1 + 9 + -4.
6
Evaluate -6 - (4 - (-3 + 7)).
-6
-9 + 10 + 4 - (1 + 8)
-4
What is -6 - (-4 - (7 + -3 + -3))?
-1
Calculate -5 + (1 - 3 - -4).
-3
(3 - (6 + 2)) + 10
5
What is (-1 - -5) + -9 + 0 + 1?
-4
Evaluate 6 - (0 - (1 + -4)).
3
What is 1 + (-3 - -1) + 2?
1
What is the value of 0 + (11 - 7) - 3?
1
What is the value of 4 - ((-7 - (-1 - 2)) + 3)?
5
What is (-6 - (-8 + 2)) + 6?
6
What is (2 - -1) + -4 - -1?
0
Evaluate -2 + 0 - (1 - (2 - 1)).
-2
4 - (-5 + -1 + 5)
5
Calculate -2 + 12 + 2 + -12.
0
Calculate 1 + 5 - -1 - (-1 - -4).
4
What is (-2 - -3) + (-6 - -2 - 2)?
-5
Calculate -14 - -18 - (-2 + 3).
3
What is the value of (10 - 4) + -4 - (2 - 1)?
1
What is the value of (-3 - -4) + 5 + -13?
-7
-1 + (0 - -1) - -8 - 5
3
(5 - -7 - 3) + -12
-3
What is the value of 2 + 3 + (40 - 47)?
-2
Calculate 5 - (-4 + 7 + -1 + 0).
3
Calculate (10 - (16 - 6)) + 0 + 5.
5
Evaluate -5 - (1 - (-1 + 4)) - -2.
-1
Calculate 12 + -11 - (4 - 0) - 2.
-5
What is the value of 11 + (-42 - -34 - (-1 + 0))?
4
What is the value of -1 - (-5 + 5 + -7 + -3)?
9
What is -2 + -2 + -2 + 6 + 1?
1
Calculate 4 + (1 - 8) + 10.
7
What is (13 - 5 - 1) + -7?
0
What is the value of 8 - (14 - 8) - 5?
-3
Evaluate -2 + (-11 - -6) + 6.
-1
(4 - 4) + (0 - 2)
-2
What is 0 + 10 + (-22 - -17)?
5
What is (-4 - -1) + -1 + 2 + 7?
5
Calculate 1 - (6 + -1 + 1 + -3).
-2
What is -2 + (2 - 0) - (2 - -1)?
-3
Calculate -49 - -45 - (0 - -1).
-5
Calculate 4 + (-5 + 4 - 2 - -1).
2
What is (-8 - -15) + -7 + 4 + -2?
2
What is the value of 3 + (-5 - -8 - 2) + -6?
-2
What is the value of 0 - (0 - 0 - (-19 + 23))?
4
-2 - (-7 + 4 + 2)
-1
What is -5 - (-1 - (5 + -5)) - -6?
2
What is the value of (-6 + -3 - -3) + 1 + 1?
-4
Calculate (1 - (3 + -1)) + -1 + 3.
1
Calculate (-16 - -14) + -2 + 9.
5
Evaluate 0 + 8 + 1 - 6 - -6.
9
1 + 5 + -5 + -2 + 0
-1
Calculate 2 - ((8 - 10) + -6).
10
Calculate -5 - (-6 + (1 - -4)).
-4
What is (-2 + 3 - 0) + 3 + -2?
2
Evaluate (-2 - (-3 - -4)) + (3 - 0).
0
Evaluate (-37 - -32) + 3 + -4 + 8.
2
Evaluate -4 + -5 + 1 - -6 - 0.
-2
Evaluate 32 + -4 + -16 + (-1 - 0).
11
Evaluate (13 + -11 - -16) + -11.
7
Calculate 0 + (0 - 9 - -13).
4
Calculate 3 + 1 + (5 - 10).
-1
What is the value of 5 + -6 - (-1 + 3)?
-3
-11 - (-17 + 4) - (2 - 7)
7
5 - (5 - -4 - 6 - 1)
3
Evaluate 0 - -6 - (10 - 11).
7
Evaluate 5 + (0 + 0 - 3).
2
Evaluate -6 + (-2 - (0 - (10 + 2))).
4
Calculate (3 - 18) + 7 + 9.
1
What is -27 + 20 - (3 + -6 - -2)?
-6
What is the value of (-10 - (-7 + 0)) + 4?
1
Evaluate (-17 - (-3 + -5)) + 4.
-5
6 - 12 - 7 - -6
-7
What is the value of -4 - (0 + 3 + -5)?
-2
What is the value of 0 + 1 + -2 + (-9 - -14)?
4
-2 + (1 - (-5 - 0))
4
What is -6 - (0 + 1) - -4?
-3
Evaluate -10 + -2 - (-2 - (-5 - -8)).
-7
Evaluate 3 + (-7 - -1) + 3.
0
Evaluate -1 - 4 - (26 - 28).
-3
Evaluate 6 - (3 + 5 + -2).
0
What is the value of -4 - (3 + -9 + 7)?
-5
-5 - (-7 + 0 - (-12 - -10))
0
What is the value of (-4 - -2) + -12 - -8?
-6
Evaluate 7 - (1 - -2) - -1.
5
Calculate -3 - (-8 - -1 - -2).
2
What is (-1 - (6 - 10)) + (2 - 8)?
-3
-4 + 7 + 3 - -1 - 8
-1
What is (-13 - -7) + (-2 - 1) + 18?
9
What is the value of -3 + 3 + 5 + -1 + 0?
4
Calculate -1 + -2 + 4 + -17 + 13.
-3
What is the value of 3 - 3 - (-1 - 4)?
5
What is -89 + 88 + (6 + 2 - 1)?
6
Calculate 1 + -3 + 4 - 4.
-2
What is -9 + (12 - 3) + (1 - 1)?
0
Calculate -4 + 1 + 0 - (-4 + 4).
-3
What is the value of 12 + (-14 - 4) - -11?
5
What is 1 + 1 + (11 - (-4 + 9))?
8
3 + -2 + 0 + -17 + 22
6
Evaluate -8 - (-18 + (-9 - -18)).
1
Calculate 1 + 4 + -8 + 4.
1
-5 + 8 + -11 - (-1 + -2)
-5
Calculate -10 - ((15 - 5) + -17).
-3
Evaluate (1 - -9) + (4 - 2) + -7.
5
What is the value of (0 - 0 - 3) + (-2 - -9)?
4
What is the value of 1 + 1 - (-1 - 0) - 1?
2
-1 + 4 - -2 - (-3 + 4)
4
What is the value of 5 - ((16 - 6) + -4 - 6)?
5
Evaluate (27 - 10) + -12 + 1 + -5.
1
-5 + (-3 - (11 - 27))
8
Evaluate (-2 + -2 - 2) + 1.
-5
Evaluate (0 - (3 - 0) - -1) + 3.
1
4 + -5 + (-1 - -1)
-1
7 + (-10 - -6) - 10
-7
Evaluate -4 - ((-3 - -2) + -3 - -2).
-2
Calculate -31 + 34 - (5 - 0).
-2
Calculate -6 + 8 - (-7 - (4 + -6)).
7
8 - (0 - -1) - 2
5
Evaluate 1 - (-4 - -1 - (-1 - 2)).
1
Calculate -6 - 4 - -2 - -6.
-2
What is the value of 7 + (2 - 8) + -5?
-4
Calculate 3 + (0 - 15) - (-4 - -2).
-10
What is (8 - 3) + 2 + -10?
-3
What is the value of 1 + (3 - (2 + 1))?
1
Evaluate -50 + 42 + 0 + 17.
9
What is the value of 23 + -15 + -2 + -10?
-4
Calculate -3 + 2 - (-8 - -4).
3
Evaluate -17 + 14 - (1 - 0).
-4
Evaluate -1 - (-4 + -5 + 6 - -5).
-3
What is 0 - 2 - (-1 + 7 + -9)?
1
What is (-13 - -11) + 1 - (1 + 2)?
-4
4 + (2 - -1) + -3 + 1
5
What is -2 - (-7 + 7) - (-1 + 0)?
-1
Calculate -5 + 2 - (1 - -1).
-5
What is the value of -8 + 10 + 2 - 2?
2
Calculate 1 - (2 - (-6 - -5)).
-2
(1 - 0) + (13 - (23 - 4))
-5
-4 - -3 - (0 + -2)
1
What is 4 + 2 - (-5 + 14)?
-3
What is the value of -1 - 6 - (-19 - (-6 + -16))?
-10
Evaluate 10 + 1 + (6 - (-3 + 13)).
7
Evaluate -29 + 32 + 10 + -3.
10
Evaluate (-4 - (8 - -1)) + 10.
-3
What is the value of 0 + 3 - (-3 + -1 + 3)?
4
Calculate (0 - -1) + -19 + 14 + 2.
-2
-3 - -2 - -1 - 2
-2
Evaluate (-88 - -77) + (0 - -11).
0
What is -1 - 0 - -2 - (-78 + 74)?
5
-1 + 8 + (-1 - 6 - -1)
1
What is the value of -7 + 6 + 5 + -2?
2
Evaluate (-1 - (-8 + 1)) + -3 + -6.
-3
Evaluate 3 - 3 - 2 - 3.
-5
What is the value of (6 - 1) + -10 + 1?
-4
Calculate 2 - (3 + -5 - -4).
0
Calculate -18 + -7 + 6 - -11.
-8
Calculate -14 + 8 + 8 + 5.
7
What is the value of 0 - (-3 - (-4 + 2 + -1))?
0
Evaluate -11 + 8 - (2 + -3).
-2
What is -4 - -6 - (4 + -2 - -2)?
-2
Calculate 3 + (-5 - 1 - -2 - -4).
3
Evaluate 0 + -1 + -4 + 73 + -64.
4
Evaluate 1 + (12 - 10) - (0 - 5).
8
Evaluate 7 - (4 + (1 - (1 - -1))).
4
What is (-3 - -2 - -2) + (69 - 68)?
2
Evaluate (-3 - (6 - 8)) + 2.
1
What is the value of -3 - (-3 + 0) - 4?
-4
Evaluate 4 - (1 - (-8 + 7)).
2
-2 - (-4 - -3 - -4)
-5
Calculate -3 + 11 + (-2 - 6).
0
Calculate -1 - (-3 + 6) - 5 - -3.
-6
What is (-1 + 1 - -3) + 2 + 0?
5
(6 - (3 - 4)) + -14 + 8
1
Evaluate -2 + -3 + 5 - 4.
-4
What is (1 + -8 - (25 - 33)) + 7?
8
What is the value of -3 - (-3 - -2) - -2 - 0?
0
Calculate (-6 - -7 - -8 - 7) + 3.
5
What is -5 + (0 + 4 - 1)?
-2
-4 + 1 - (-2 - (9 - 8))
0
What is 4 - ((4 - 4) + 3)?
1
What is -5 + 13 + 1 - 4?
5
Evaluate (-4 + 12 - 7) + -7.
-6
What is the value of (2 - -1) + 0 - (-31 - -27)?
7
(-7 - -2) + -2 + 3
-4
5 - 1 - (7 - 4)
1
What is 1 + (-13 - -1) + 12?
1
Calculate 0 - (8 - (-3 - -9) - -4).
-6
What is the value of -4 - (-9 + -1) - 7?
-1
Evaluate -1 + 4 + (-105 - -103).
1
Evaluate (2 - 5) + (2 - 0) - 2.
-3
What is -4 - (1 - (1 - (-3 - -2)))?
-3
7 + 0 - (1 - -2)
4
What is the value of 3 + -1 - (-5 + 13)?
-6
What is -4 - (-4 - (-1 + -4))?
-5
Calculate (-5 - (5 + -4)) + 0.
-6
Evaluate 17 + -9 - (-3 + 8).
3
-1 + 4 - (2 - 1 - 5)
7
-11 + 14 + 0 + (0 - 0)
3
Calculate 17 + (0 - 14) + (1 - -1).
5
Calculate -6 + 5 + 3 + 0.
2
What is the value of 0 - -4 - (1 + 1 + 1)?
1
Evaluate -7 + -1 + -12 + 12.
-8
Calculate 6 + (5 - 9) - -1.
3
What is (1 - 1) + (-2 - (5 + -2))?
-5
What is the value of -3 - (-19 + 1